{"id":33,"date":"2022-07-08T17:56:11","date_gmt":"2022-07-08T20:56:11","guid":{"rendered":"https:\/\/vivarosario.com\/?page_id=33"},"modified":"2022-07-18T10:52:15","modified_gmt":"2022-07-18T13:52:15","slug":"colibri-wp","status":"publish","type":"page","link":"https:\/\/vivarosario.com\/","title":{"rendered":"Front Page"},"content":{"rendered":"<div data-colibri-id=\"33-c1\" class=\"style-190 style-local-33-c1 position-relative\">\r\n  <!---->\r\n  <div data-colibri-component=\"section\" data-colibri-id=\"33-c2\" id=\"overlappable\" class=\"h-section h-section-global-spacing d-flex align-items-lg-end align-items-md-end align-items-end style-191 style-local-33-c2 position-relative\">\r\n    <!---->\r\n    <!---->\r\n    <div class=\"h-section-grid-container h-section-boxed-container\">\r\n      <div data-colibri-id=\"33-c16\" class=\"h-row-container gutters-row-lg-2 gutters-row-md-2 gutters-row-0 gutters-row-v-lg-2 gutters-row-v-md-2 gutters-row-v-2 style-353 style-local-33-c16 position-relative\">\r\n        <!---->\r\n        <div class=\"h-row justify-content-lg-center justify-content-md-center justify-content-center align-items-lg-stretch align-items-md-stretch align-items-stretch gutters-col-lg-2 gutters-col-md-2 gutters-col-0 gutters-col-v-lg-2 gutters-col-v-md-2 gutters-col-v-2\">\r\n          <!---->\r\n          <div class=\"h-column h-column-container d-flex h-col-lg-auto h-col-md-auto h-col-auto style-354-outer style-local-33-c17-outer\">\r\n            <div data-colibri-id=\"33-c17\" class=\"d-flex h-flex-basis h-column__inner h-px-lg-2 h-px-md-2 h-px-2 v-inner-lg-2 v-inner-md-2 v-inner-2 style-354 style-local-33-c17 position-relative\">\r\n              <!---->\r\n              <!---->\r\n              <div class=\"w-100 h-y-container h-column__content h-column__v-align flex-basis-100 align-self-lg-start align-self-md-start align-self-start\">\r\n                <!---->\r\n                <div data-colibri-id=\"33-c18\" class=\"h-global-transition-all h-heading style-355 style-local-33-c18 position-relative h-element\">\r\n                  <!---->\r\n                  <div class=\"h-heading__outer style-355 style-local-33-c18\">\r\n                    <!---->\r\n                    <!---->\r\n                    <h4 class=\"\">Conhe\u00e7a os Benef\u00edcios do Programa<\/h4>\r\n                  <\/div>\r\n                <\/div>\r\n              <\/div>\r\n            <\/div>\r\n          <\/div>\r\n        <\/div>\r\n      <\/div>\r\n      <div data-colibri-id=\"33-c3\" class=\"h-row-container gutters-row-lg-0 gutters-row-md-0 gutters-row-2 gutters-row-v-lg-0 gutters-row-v-md-0 gutters-row-v-2 style-192 style-local-33-c3 position-relative\">\r\n        <!---->\r\n        <div class=\"h-row justify-content-lg-center justify-content-md-center justify-content-center align-items-lg-stretch align-items-md-stretch align-items-stretch gutters-col-lg-0 gutters-col-md-0 gutters-col-2 gutters-col-v-lg-0 gutters-col-v-md-0 gutters-col-v-2\">\r\n          <!---->\r\n          <div class=\"h-column h-column-container d-flex h-col-lg-3 h-col-md-3 h-col-6 style-193-outer style-local-33-c4-outer\">\r\n            <div data-colibri-id=\"33-c4\" class=\"d-flex h-flex-basis h-column__inner h-px-lg-3 h-px-md-3 h-px-2 v-inner-lg-3 v-inner-md-3 v-inner-2 style-193 style-local-33-c4 position-relative\">\r\n              <!---->\r\n              <!---->\r\n              <div class=\"w-100 h-y-container h-column__content h-column__v-align flex-basis-100 align-self-lg-center align-self-md-center align-self-center\">\r\n                <!---->\r\n                <div data-colibri-id=\"33-c5\" class=\"h-icon style-194 style-local-33-c5 position-relative h-element\">\r\n                  <!----><span class=\"h-svg-icon h-icon__icon style-194-icon style-local-33-c5-icon\"><!--Icon by Font Awesome (https:\/\/fontawesome.com)--><svg version=\"1.1\" xmlns=\"http:\/\/www.w3.org\/2000\/svg\" xmlns:xlink=\"http:\/\/www.w3.org\/1999\/xlink\" id=\"plus\" viewBox=\"0 0 1408 1896.0833\"><path d=\"M1408 736v192q0 40-28 68t-68 28H896v416q0 40-28 68t-68 28H608q-40 0-68-28t-28-68v-416H96q-40 0-68-28T0 928V736q0-40 28-68t68-28h416V224q0-40 28-68t68-28h192q40 0 68 28t28 68v416h416q40 0 68 28t28 68z\"><\/path><\/svg><\/span><\/div>\r\n                <div\r\n                  data-colibri-id=\"33-c6\" class=\"h-global-transition-all h-heading style-195 style-local-33-c6 position-relative h-element\">\r\n                  <!---->\r\n                  <div class=\"h-heading__outer style-195 style-local-33-c6\">\r\n                    <!---->\r\n                    <!---->\r\n                    <h6 class=\"\">DESCONTOS EXCLUSIVOS<\/h6>\r\n                  <\/div>\r\n              <\/div>\r\n            <\/div>\r\n          <\/div>\r\n        <\/div>\r\n        <div class=\"h-column h-column-container d-flex h-col-lg-3 h-col-md-3 h-col-6 style-193-outer style-local-33-c7-outer\">\r\n          <div data-colibri-id=\"33-c7\" class=\"d-flex h-flex-basis h-column__inner h-px-lg-3 h-px-md-3 h-px-2 v-inner-lg-3 v-inner-md-3 v-inner-2 style-193 style-local-33-c7 position-relative\">\r\n            <!---->\r\n            <!---->\r\n            <div class=\"w-100 h-y-container h-column__content h-column__v-align flex-basis-100 align-self-lg-center align-self-md-center align-self-center\">\r\n              <!---->\r\n              <div data-colibri-id=\"33-c8\" class=\"h-icon style-194 style-local-33-c8 position-relative h-element\">\r\n                <!----><span class=\"h-svg-icon h-icon__icon style-194-icon style-local-33-c8-icon\"><!--Icon by Font Awesome (https:\/\/fontawesome.com)--><svg version=\"1.1\" xmlns=\"http:\/\/www.w3.org\/2000\/svg\" xmlns:xlink=\"http:\/\/www.w3.org\/1999\/xlink\" id=\"signal\" viewBox=\"0 0 1792 1896.0833\"><path d=\"M256 1440v192q0 14-9 23t-23 9H32q-14 0-23-9t-9-23v-192q0-14 9-23t23-9h192q14 0 23 9t9 23zm384-128v320q0 14-9 23t-23 9H416q-14 0-23-9t-9-23v-320q0-14 9-23t23-9h192q14 0 23 9t9 23zm384-256v576q0 14-9 23t-23 9H800q-14 0-23-9t-9-23v-576q0-14 9-23t23-9h192q14 0 23 9t9 23zm384-384v960q0 14-9 23t-23 9h-192q-14 0-23-9t-9-23V672q0-14 9-23t23-9h192q14 0 23 9t9 23zm384-512v1472q0 14-9 23t-23 9h-192q-14 0-23-9t-9-23V160q0-14 9-23t23-9h192q14 0 23 9t9 23z\"><\/path><\/svg><\/span><\/div>\r\n              <div\r\n                data-colibri-id=\"33-c9\" class=\"h-global-transition-all h-heading style-195 style-local-33-c9 position-relative h-element\">\r\n                <!---->\r\n                <div class=\"h-heading__outer style-195 style-local-33-c9\">\r\n                  <!---->\r\n                  <!---->\r\n                  <h6 class=\"\">OFERTAS ESPECIAIS\r\n                    <br>EM PERFUMARIA<\/h6>\r\n                <\/div>\r\n            <\/div>\r\n          <\/div>\r\n        <\/div>\r\n      <\/div>\r\n      <div class=\"h-column h-column-container d-flex h-col-lg-3 h-col-md-3 h-col-6 style-193-outer style-local-33-c10-outer\">\r\n        <div data-colibri-id=\"33-c10\" class=\"d-flex h-flex-basis h-column__inner h-px-lg-3 h-px-md-3 h-px-2 v-inner-lg-3 v-inner-md-3 v-inner-2 style-193 style-local-33-c10 position-relative\">\r\n          <!---->\r\n          <!---->\r\n          <div class=\"w-100 h-y-container h-column__content h-column__v-align flex-basis-100 align-self-lg-center align-self-md-center align-self-center\">\r\n            <!---->\r\n            <div data-colibri-id=\"33-c11\" class=\"h-icon style-194 style-local-33-c11 position-relative h-element\">\r\n              <!----><span class=\"h-svg-icon h-icon__icon style-194-icon style-local-33-c11-icon\"><!--Icon by Font Awesome (https:\/\/fontawesome.com)--><svg version=\"1.1\" xmlns=\"http:\/\/www.w3.org\/2000\/svg\" xmlns:xlink=\"http:\/\/www.w3.org\/1999\/xlink\" id=\"heartbeat\" viewBox=\"0 0 1792 1896.0833\"><path d=\"M1280 1024h305q-5 6-10 10.5t-9 7.5l-3 4-623 600q-18 18-44 18t-44-18l-624-602q-5-2-21-20h369q22 0 39.5-13.5T638 976l70-281 190 667q6 20 23 33t39 13q21 0 38-13t23-33l146-485 56 112q18 35 57 35zm512-428q0 145-103 300h-369l-111-221q-8-17-25.5-27t-36.5-8q-45 5-56 46l-129 430-196-686q-6-20-23.5-33T703 384t-39 13.5-22 34.5L526 896H103Q0 741 0 596q0-220 127-344t351-124q62 0 126.5 21.5t120 58T820 276t76 68q36-36 76-68t95.5-68.5 120-58T1314 128q224 0 351 124t127 344z\"><\/path><\/svg><\/span><\/div>\r\n            <div\r\n              data-colibri-id=\"33-c12\" class=\"h-global-transition-all h-heading style-195 style-local-33-c12 position-relative h-element\">\r\n              <!---->\r\n              <div class=\"h-heading__outer style-195 style-local-33-c12\">\r\n                <!---->\r\n                <!---->\r\n                <h6 class=\"\">SERVI\u00c7OSDE SA\u00daDE NOESPA\u00c7O VIVA<\/h6>\r\n              <\/div>\r\n          <\/div>\r\n        <\/div>\r\n      <\/div>\r\n    <\/div>\r\n    <div class=\"h-column h-column-container d-flex h-col-lg-3 h-col-md-3 h-col-6 style-197-outer style-local-33-c13-outer\">\r\n      <div data-colibri-id=\"33-c13\" class=\"d-flex h-flex-basis h-column__inner h-px-lg-3 h-px-md-3 h-px-2 v-inner-lg-3 v-inner-md-3 v-inner-2 style-197 style-local-33-c13 position-relative\">\r\n        <!---->\r\n        <!---->\r\n        <div class=\"w-100 h-y-container h-column__content h-column__v-align flex-basis-100 align-self-lg-center align-self-md-center align-self-center\">\r\n          <!---->\r\n          <div data-colibri-id=\"33-c14\" class=\"h-icon style-194 style-local-33-c14 position-relative h-element\">\r\n            <!----><span class=\"h-svg-icon h-icon__icon style-194-icon style-local-33-c14-icon\"><!--Icon by Icons8 Line Awesome (https:\/\/icons8.com\/line-awesome)--><svg version=\"1.1\" xmlns=\"http:\/\/www.w3.org\/2000\/svg\" xmlns:xlink=\"http:\/\/www.w3.org\/1999\/xlink\" id=\"gift\" viewBox=\"0 0 512 545.5\"><path d=\"M192 112c27.982 0 47.03 21.267 59.5 39 1.67 2.375 3.03 4.682 4.5 7 1.47-2.318 2.83-4.625 4.5-7 12.47-17.733 31.518-39 59.5-39 26.32 0 48 21.68 48 48 0 5.647-1.172 10.948-3 16h83v96h-16v208H80V272H64v-96h83c-1.828-5.052-3-10.352-3-16 0-26.32 21.68-48 48-48zm0 32c-9.04 0-16 6.96-16 16s6.96 16 16 16h37c-1.934-3.292-1.56-3.527-4-7-10.03-14.267-22.982-25-33-25zm128 0c-10.018 0-22.97 10.733-33 25-2.44 3.473-2.066 3.708-4 7h37c9.04 0 16-6.96 16-16s-6.96-16-16-16zM96 208v32h144v-16h32v16h144v-32H96zm16 64v176h128V288h32v160h128V272H112z\"><\/path><\/svg><\/span><\/div>\r\n          <div\r\n            data-colibri-id=\"33-c15\" class=\"h-global-transition-all h-heading style-195 style-local-33-c15 position-relative h-element\">\r\n            <!---->\r\n            <div class=\"h-heading__outer style-195 style-local-33-c15\">\r\n              <!---->\r\n              <!---->\r\n              <h6 class=\"\">E AINDA:\r\n                <br>CONCORRA A PR\u00caMIOS<\/h6>\r\n            <\/div>\r\n        <\/div>\r\n      <\/div>\r\n    <\/div>\r\n  <\/div>\r\n<\/div>\r\n<\/div>\r\n<\/div>\r\n<\/div>\r\n<div data-colibri-component=\"section\" data-colibri-id=\"33-c19\" id=\"cta\" class=\"h-section h-section-global-spacing d-flex align-items-lg-center align-items-md-center align-items-center style-279 style-local-33-c19 position-relative\">\r\n  <!---->\r\n  <!---->\r\n  <div class=\"h-section-grid-container h-section-boxed-container\">\r\n    <!---->\r\n    <div data-colibri-id=\"33-c20\" class=\"h-row-container gutters-row-lg-2 gutters-row-md-2 gutters-row-0 gutters-row-v-lg-2 gutters-row-v-md-2 gutters-row-v-2 style-280 style-local-33-c20 position-relative\">\r\n      <!---->\r\n      <div class=\"h-row justify-content-lg-center justify-content-md-center justify-content-center align-items-lg-stretch align-items-md-stretch align-items-stretch gutters-col-lg-2 gutters-col-md-2 gutters-col-0 gutters-col-v-lg-2 gutters-col-v-md-2 gutters-col-v-2\">\r\n        <!---->\r\n        <div class=\"h-column h-column-container d-flex h-col-lg h-col-md h-col-auto style-281-outer style-local-33-c21-outer\">\r\n          <div data-colibri-id=\"33-c21\" class=\"d-flex h-flex-basis h-column__inner h-px-lg-0 h-px-md-0 h-px-2 v-inner-lg-0 v-inner-md-0 v-inner-2 style-281 style-local-33-c21 position-relative\">\r\n            <!---->\r\n            <!---->\r\n            <div class=\"w-100 h-y-container h-column__content h-column__v-align flex-basis-100 align-self-lg-center align-self-md-center align-self-center\">\r\n              <!---->\r\n              <div data-colibri-id=\"33-c22\" class=\"h-global-transition-all h-heading style-282 style-local-33-c22 position-relative h-element\">\r\n                <!---->\r\n                <div class=\"h-heading__outer style-282 style-local-33-c22\">\r\n                  <!---->\r\n                  <!---->\r\n                  <h4 class=\"\">Inscreva-se e participe!&nbsp;\r\n                    <br>\u00c9 muito r\u00e1pido e f\u00e1cil participar.<\/h4>\r\n                <\/div>\r\n              <\/div>\r\n            <\/div>\r\n          <\/div>\r\n        <\/div>\r\n        <div class=\"h-column h-column-container d-flex h-col-lg-auto h-col-md-auto h-col-auto style-283-outer style-local-33-c23-outer\">\r\n          <div data-colibri-id=\"33-c23\" class=\"d-flex h-flex-basis h-column__inner h-px-lg-0 h-px-md-0 h-px-2 v-inner-lg-0 v-inner-md-0 v-inner-2 style-283 style-local-33-c23 position-relative\">\r\n            <!---->\r\n            <!---->\r\n            <div class=\"w-100 h-y-container h-column__content h-column__v-align flex-basis-100 align-self-lg-center align-self-md-center align-self-center\">\r\n              <!---->\r\n              <div data-colibri-id=\"33-c24\" class=\"h-x-container style-284 style-local-33-c24 position-relative h-element\">\r\n                <!---->\r\n                <div class=\"h-x-container-inner style-dynamic-33-c24-group style-284-spacing style-local-33-c24-spacing\"><span class=\"h-button__outer style-285-outer style-local-33-c25-outer d-inline-flex h-element\"><a h-use-smooth-scroll=\"true\" href=\"http:\/\/rosariodeposito.dyndns.org:505\/\"  data-colibri-id=\"33-c25\" class=\"d-flex w-100 align-items-center h-button justify-content-lg-center justify-content-md-center justify-content-center style-285 style-local-33-c25 position-relative\"><!----><!----> <span>CADASTRE-SE AGORA!<\/span><\/a>\r\n                  <\/span>\r\n                <\/div>\r\n              <\/div>\r\n            <\/div>\r\n          <\/div>\r\n        <\/div>\r\n      <\/div>\r\n    <\/div>\r\n  <\/div>\r\n<\/div>\r\n<div data-colibri-component=\"section\" data-colibri-id=\"33-c26\" id=\"custom-2\" class=\"h-section h-section-global-spacing d-flex align-items-lg-center align-items-md-center align-items-center style-439 style-local-33-c26 position-relative\">\r\n  <!---->\r\n  <!---->\r\n  <div class=\"h-section-grid-container h-section-boxed-container\">\r\n    <!---->\r\n    <div data-colibri-id=\"33-c27\" class=\"h-row-container gutters-row-lg-2 gutters-row-md-2 gutters-row-0 gutters-row-v-lg-2 gutters-row-v-md-2 gutters-row-v-2 style-440 style-local-33-c27 position-relative\">\r\n      <!---->\r\n      <div class=\"h-row justify-content-lg-center justify-content-md-center justify-content-center align-items-lg-stretch align-items-md-stretch align-items-stretch gutters-col-lg-2 gutters-col-md-2 gutters-col-0 gutters-col-v-lg-2 gutters-col-v-md-2 gutters-col-v-2\">\r\n        <!---->\r\n        <div class=\"h-column h-column-container d-flex h-col-lg-auto h-col-md-auto h-col-auto style-441-outer style-local-33-c28-outer\">\r\n          <div data-colibri-id=\"33-c28\" class=\"d-flex h-flex-basis h-column__inner h-px-lg-2 h-px-md-2 h-px-2 v-inner-lg-2 v-inner-md-2 v-inner-2 style-441 style-local-33-c28 position-relative\">\r\n            <!---->\r\n            <!---->\r\n            <div class=\"w-100 h-y-container h-column__content h-column__v-align flex-basis-100 align-self-lg-start align-self-md-start align-self-start\">\r\n              <!---->\r\n              <div data-colibri-id=\"33-c29\" class=\"h-divider style-443 style-local-33-c29 position-relative h-element\">\r\n                <!----><span class=\"h-divider__line style-443-line style-local-33-c29-line style-443-line style-local-33-c29-line\"><\/span><\/div>\r\n            <\/div>\r\n          <\/div>\r\n        <\/div>\r\n      <\/div>\r\n    <\/div>\r\n    <div data-colibri-id=\"33-c30\" class=\"h-row-container gutters-row-lg-2 gutters-row-md-2 gutters-row-2 gutters-row-v-lg-2 gutters-row-v-md-2 gutters-row-v-2 style-446 style-local-33-c30 position-relative\">\r\n      <!---->\r\n      <div class=\"h-row justify-content-lg-center justify-content-md-center justify-content-center align-items-lg-stretch align-items-md-stretch align-items-stretch gutters-col-lg-2 gutters-col-md-2 gutters-col-2 gutters-col-v-lg-2 gutters-col-v-md-2 gutters-col-v-2\">\r\n        <!---->\r\n        <div class=\"h-column h-column-container d-flex h-col-lg-6 h-col-md-6 h-col-12 style-447-outer style-local-33-c31-outer\">\r\n          <div data-colibri-id=\"33-c31\" class=\"d-flex h-flex-basis h-column__inner h-px-lg-2 h-px-md-2 h-px-2 v-inner-lg-2 v-inner-md-2 v-inner-2 style-447 style-local-33-c31 position-relative\">\r\n            <!---->\r\n            <!---->\r\n            <div class=\"w-100 h-y-container h-column__content h-column__v-align flex-basis-100 align-self-lg-start align-self-md-start align-self-start\">\r\n              <!---->\r\n              <div data-colibri-id=\"33-c32\" class=\"h-text h-text-component style-350 style-local-33-c32 position-relative h-element\">\r\n                <!---->\r\n                <!---->\r\n                <div class=\"\">\r\n                  <p>CRSYS DESENVOLVIMENTO DE SISTEMAS LTDA | CNPJ 36.454.653\/0001-98 | contato@vivarosario.com<\/p>\r\n                <\/div>\r\n              <\/div>\r\n            <\/div>\r\n          <\/div>\r\n        <\/div>\r\n      <\/div>\r\n    <\/div>\r\n  <\/div>\r\n<\/div>\r\n<\/div>","protected":false},"excerpt":{"rendered":"<p>Conhe\u00e7a os Benef\u00edcios do Programa DESCONTOS EXCLUSIVOS OFERTAS ESPECIAIS EM PERFUMARIA SERVI\u00c7OSDE SA\u00daDE NOESPA\u00c7O VIVA E AINDA: CONCORRA A PR\u00caMIOS Inscreva-se e participe!&nbsp; \u00c9 muito r\u00e1pido e f\u00e1cil participar. CADASTRE-SE AGORA! CRSYS DESENVOLVIMENTO DE SISTEMAS LTDA | CNPJ 36.454.653\/0001-98 | contato@vivarosario.com<\/p>\n","protected":false},"author":1,"featured_media":0,"parent":0,"menu_order":0,"comment_status":"closed","ping_status":"closed","template":"page-templates\/homepage.php","meta":{"footnotes":""},"class_list":["post-33","page","type-page","status-publish","hentry"],"yoast_head":"<!-- This site is optimized with the Yoast SEO plugin v19.2 - https:\/\/yoast.com\/wordpress\/plugins\/seo\/ -->\n<title>Front Page - Viva Ros\u00e1rio - Programa de Relacionamento.<\/title>\n<meta name=\"description\" content=\"Programa de Relacionamento Viva Ros\u00e1rio. Ganhe Descontos e B\u00f4nus nas Suas Compras e Troque por Premia\u00e7\u00f5es nas Nossas Lojas e No Site.\" \/>\n<meta name=\"robots\" content=\"index, follow, max-snippet:-1, max-image-preview:large, max-video-preview:-1\" \/>\n<link rel=\"canonical\" href=\"https:\/\/vivarosario.com\/\" \/>\n<meta property=\"og:locale\" content=\"pt_BR\" \/>\n<meta property=\"og:type\" content=\"article\" \/>\n<meta property=\"og:title\" content=\"Programa de Relacionamento Viva Ros\u00e1rio\" \/>\n<meta property=\"og:description\" content=\"Programa de Relacionamento Viva Ros\u00e1rio. Ganhe Descontos e B\u00f4nus nas Suas Compras e Troque por Premia\u00e7\u00f5es nas Nossas Lojas e No Site.\" \/>\n<meta property=\"og:url\" content=\"https:\/\/vivarosario.com\/\" \/>\n<meta property=\"og:site_name\" content=\"Viva Ros\u00e1rio - Programa de Relacionamento.\" \/>\n<meta property=\"article:modified_time\" content=\"2022-07-18T13:52:15+00:00\" \/>\n<meta property=\"og:image\" content=\"http:\/\/vivarosario.com\/wp-content\/uploads\/2022\/07\/cropped-VIVA-ROSARIO-PADRAO-01-1-1.png\" \/>\n\t<meta property=\"og:image:width\" content=\"1004\" \/>\n\t<meta property=\"og:image:height\" content=\"600\" \/>\n\t<meta property=\"og:image:type\" content=\"image\/png\" \/>\n<meta name=\"author\" content=\"vivarosario\" \/>\n<meta name=\"twitter:card\" content=\"summary_large_image\" \/>\n<meta name=\"twitter:title\" content=\"Programa de Relacionamento Viva Ros\u00e1rio\" \/>\n<meta name=\"twitter:image\" content=\"https:\/\/vivarosario.com\/wp-content\/uploads\/2022\/07\/cropped-VIVA-ROSARIO-PADRAO-01-1-1.png\" \/>\n<script type=\"application\/ld+json\" class=\"yoast-schema-graph\">{\"@context\":\"https:\/\/schema.org\",\"@graph\":[{\"@type\":\"WebSite\",\"@id\":\"https:\/\/vivarosario.com\/#website\",\"url\":\"https:\/\/vivarosario.com\/\",\"name\":\"Viva Ros\u00e1rio - Programa de Relacionamento.\",\"description\":\"Descontos Exclusivos, Servi\u00e7os de Sa\u00fade, Ofertas em Perfumaria e Muito Mais. \",\"potentialAction\":[{\"@type\":\"SearchAction\",\"target\":{\"@type\":\"EntryPoint\",\"urlTemplate\":\"https:\/\/vivarosario.com\/?s={search_term_string}\"},\"query-input\":\"required name=search_term_string\"}],\"inLanguage\":\"pt-BR\"},{\"@type\":\"ImageObject\",\"inLanguage\":\"pt-BR\",\"@id\":\"https:\/\/vivarosario.com\/#primaryimage\",\"url\":\"https:\/\/vivarosario.com\/wp-content\/uploads\/2022\/07\/cropped-VIVA-ROSARIO-PADRAO-01-1-1.png\",\"contentUrl\":\"https:\/\/vivarosario.com\/wp-content\/uploads\/2022\/07\/cropped-VIVA-ROSARIO-PADRAO-01-1-1.png\",\"width\":1004,\"height\":600},{\"@type\":\"WebPage\",\"@id\":\"https:\/\/vivarosario.com\/#webpage\",\"url\":\"https:\/\/vivarosario.com\/\",\"name\":\"Front Page - Viva Ros\u00e1rio - Programa de Relacionamento.\",\"isPartOf\":{\"@id\":\"https:\/\/vivarosario.com\/#website\"},\"primaryImageOfPage\":{\"@id\":\"https:\/\/vivarosario.com\/#primaryimage\"},\"datePublished\":\"2022-07-08T20:56:11+00:00\",\"dateModified\":\"2022-07-18T13:52:15+00:00\",\"description\":\"Programa de Relacionamento Viva Ros\u00e1rio. Ganhe Descontos e B\u00f4nus nas Suas Compras e Troque por Premia\u00e7\u00f5es nas Nossas Lojas e No Site.\",\"breadcrumb\":{\"@id\":\"https:\/\/vivarosario.com\/#breadcrumb\"},\"inLanguage\":\"pt-BR\",\"potentialAction\":[{\"@type\":\"ReadAction\",\"target\":[\"https:\/\/vivarosario.com\/\"]}]},{\"@type\":\"BreadcrumbList\",\"@id\":\"https:\/\/vivarosario.com\/#breadcrumb\",\"itemListElement\":[{\"@type\":\"ListItem\",\"position\":1,\"name\":\"In\u00edcio\",\"item\":\"https:\/\/vivarosario.com\/\"},{\"@type\":\"ListItem\",\"position\":2,\"name\":\"Front Page\"}]}]}<\/script>\n<!-- \/ Yoast SEO plugin. -->","yoast_head_json":{"title":"Front Page - Viva Ros\u00e1rio - Programa de Relacionamento.","description":"Programa de Relacionamento Viva Ros\u00e1rio. Ganhe Descontos e B\u00f4nus nas Suas Compras e Troque por Premia\u00e7\u00f5es nas Nossas Lojas e No Site.","robots":{"index":"index","follow":"follow","max-snippet":"max-snippet:-1","max-image-preview":"max-image-preview:large","max-video-preview":"max-video-preview:-1"},"canonical":"https:\/\/vivarosario.com\/","og_locale":"pt_BR","og_type":"article","og_title":"Programa de Relacionamento Viva Ros\u00e1rio","og_description":"Programa de Relacionamento Viva Ros\u00e1rio. Ganhe Descontos e B\u00f4nus nas Suas Compras e Troque por Premia\u00e7\u00f5es nas Nossas Lojas e No Site.","og_url":"https:\/\/vivarosario.com\/","og_site_name":"Viva Ros\u00e1rio - Programa de Relacionamento.","article_modified_time":"2022-07-18T13:52:15+00:00","og_image":[{"width":1004,"height":600,"url":"http:\/\/vivarosario.com\/wp-content\/uploads\/2022\/07\/cropped-VIVA-ROSARIO-PADRAO-01-1-1.png","type":"image\/png"}],"author":"vivarosario","twitter_card":"summary_large_image","twitter_title":"Programa de Relacionamento Viva Ros\u00e1rio","twitter_image":"https:\/\/vivarosario.com\/wp-content\/uploads\/2022\/07\/cropped-VIVA-ROSARIO-PADRAO-01-1-1.png","schema":{"@context":"https:\/\/schema.org","@graph":[{"@type":"WebSite","@id":"https:\/\/vivarosario.com\/#website","url":"https:\/\/vivarosario.com\/","name":"Viva Ros\u00e1rio - Programa de Relacionamento.","description":"Descontos Exclusivos, Servi\u00e7os de Sa\u00fade, Ofertas em Perfumaria e Muito Mais. ","potentialAction":[{"@type":"SearchAction","target":{"@type":"EntryPoint","urlTemplate":"https:\/\/vivarosario.com\/?s={search_term_string}"},"query-input":"required name=search_term_string"}],"inLanguage":"pt-BR"},{"@type":"ImageObject","inLanguage":"pt-BR","@id":"https:\/\/vivarosario.com\/#primaryimage","url":"https:\/\/vivarosario.com\/wp-content\/uploads\/2022\/07\/cropped-VIVA-ROSARIO-PADRAO-01-1-1.png","contentUrl":"https:\/\/vivarosario.com\/wp-content\/uploads\/2022\/07\/cropped-VIVA-ROSARIO-PADRAO-01-1-1.png","width":1004,"height":600},{"@type":"WebPage","@id":"https:\/\/vivarosario.com\/#webpage","url":"https:\/\/vivarosario.com\/","name":"Front Page - Viva Ros\u00e1rio - Programa de Relacionamento.","isPartOf":{"@id":"https:\/\/vivarosario.com\/#website"},"primaryImageOfPage":{"@id":"https:\/\/vivarosario.com\/#primaryimage"},"datePublished":"2022-07-08T20:56:11+00:00","dateModified":"2022-07-18T13:52:15+00:00","description":"Programa de Relacionamento Viva Ros\u00e1rio. Ganhe Descontos e B\u00f4nus nas Suas Compras e Troque por Premia\u00e7\u00f5es nas Nossas Lojas e No Site.","breadcrumb":{"@id":"https:\/\/vivarosario.com\/#breadcrumb"},"inLanguage":"pt-BR","potentialAction":[{"@type":"ReadAction","target":["https:\/\/vivarosario.com\/"]}]},{"@type":"BreadcrumbList","@id":"https:\/\/vivarosario.com\/#breadcrumb","itemListElement":[{"@type":"ListItem","position":1,"name":"In\u00edcio","item":"https:\/\/vivarosario.com\/"},{"@type":"ListItem","position":2,"name":"Front Page"}]}]}},"_links":{"self":[{"href":"https:\/\/vivarosario.com\/index.php?rest_route=\/wp\/v2\/pages\/33","targetHints":{"allow":["GET"]}}],"collection":[{"href":"https:\/\/vivarosario.com\/index.php?rest_route=\/wp\/v2\/pages"}],"about":[{"href":"https:\/\/vivarosario.com\/index.php?rest_route=\/wp\/v2\/types\/page"}],"author":[{"embeddable":true,"href":"https:\/\/vivarosario.com\/index.php?rest_route=\/wp\/v2\/users\/1"}],"replies":[{"embeddable":true,"href":"https:\/\/vivarosario.com\/index.php?rest_route=%2Fwp%2Fv2%2Fcomments&post=33"}],"version-history":[{"count":16,"href":"https:\/\/vivarosario.com\/index.php?rest_route=\/wp\/v2\/pages\/33\/revisions"}],"predecessor-version":[{"id":174,"href":"https:\/\/vivarosario.com\/index.php?rest_route=\/wp\/v2\/pages\/33\/revisions\/174"}],"wp:attachment":[{"href":"https:\/\/vivarosario.com\/index.php?rest_route=%2Fwp%2Fv2%2Fmedia&parent=33"}],"curies":[{"name":"wp","href":"https:\/\/api.w.org\/{rel}","templated":true}]}}